 - i**2 + 3 - g*i - 1 - 3. Let h(p) = -p**3 - 7*p**2 - 7*p - 9. Let o be h(-6). What is t(o)?
-13
Let f(m) = 4*m**2 - 540 + m**3 + 541 + 0*m**3 - 6*m. Suppose -d + 11 = -4*r + 2*r, -5*r - 2*d = 23. Calculate f(r).
6
Let g be (-2)/6 + (-171)/(-27). Let l(v) = v - 7. Give l(g).
-1
Let z = -114 - -114. Let c(n) = 33*n - 57*n + 25*n + 3 + z. Let r(q) = -q**3 + 2*q**2 + q. Let k be r(3). Calculate c(k).
-3
Let a(r) = 71 - 74 + r - 4*r. What is a(-6)?
15
Let t(u) = 23*u - 1. Let n(o) = o**3 + 12*o**2 + 9*o - 24. Let y be n(-11). Let m(h) = -h**3 + 2*h - 3. Let w be m(y). Determine t(w).
22
Suppose t + 6 = -2*t - 3*b, 5*b + 10 = -t. Let m(j) = -2*j + 5. Let h(v) = -v + 3. Let q(x) = 5*h(x) - 2*m(x). Give q(t).
5
Let i(s) = s**3 - 10*s**2 + 10*s + 7. Let l be i(9). Let p be (-4 - l/(-4)) + -4. Let h(k) = k**2 + 4*k + 2. Determine h(p).
2
Let j = 67 + -66. Let q(y) = 32*y - 8*y + 1 - 15*y. Give q(j).
10
Let p(o) be the second derivative of o**4/6 - 4*o**3 - o**2 - 72*o - 1. Determine p(12).
-2
Let a(o) be the first derivative of -11*o**4/4 + 4*o**3/3 - 20*o + 2. Let p(j) = -4*j**3 + j**2 - 7. Let c(b) = -3*a(b) + 8*p(b). What is c(4)?
4
Let m = -1 - 10. Let v(o) = o**2 + 11*o. Let k be v(m). Let a(s) = 4*s + 3*s - 3 - 7*s + s. Calculate a(k).
-3
Let c(a) = 6*a**2 - a + 2. Let z(j) = 0 + 4*j + j - 1 - 4*j. Let h(i) = -c(i) - 2*z(i). Let w(x) = -x**3 - 5*x**2 + 6*x + 1. Let q be w(-6). Give h(q).
-7
Let z(l) = 2*l - 5 - 2 + 1. Let j = -126 + 70. Let x = -52 - j. What is z(x)?
2
Let v(t) = 12*t**3 - 2*t**2 + 1. Suppose 0 = -5*l - 4 - 1. Let h be v(l). Let f(a) = -5*a - 5. Let j(y) = 11*y + 10. Let w(p) = h*f(p) - 6*j(p). Give w(0).
5
Let s(g) = -5*g**2 + 2*g - 2. Let b be (2 + 3)*9/45. What is s(b)?
-5
Let z(d) = 4 - 2*d - 1 - 4 + 0*d. Let a(x) = x + 1. Let w(h) = -5*a(h) - 3*z(h). What is w(-3)?
-5
Let q(d) = 3 + d**2 - 434*d - 433*d - 426*d - 428*d + 1724*d. Suppose 0 = -z + 6*z + 15. Calculate q(z).
3
Let f(u) be the second derivative of u**5/20 - 7*u**4/6 - 7*u**3/3 - 17*u**2/2 - 4*u - 17. Determine f(15).
-2
Suppose 169*u - 176*u = 49. Let x(z) = -2*z - 3. Calculate x(u).
11
Let k(h) = 4*h. Let f be k(-1). Let y(q) be the first derivative of -q**3/3 - 5*q**2/2 - 3*q - 32. Give y(f).
1
Let v(d) be the second derivative of -d**5/20 - 17*d**4/6 - 65*d**3/6 - 37*d**2/2 - 6*d + 30. Calculate v(-32).
-5
Suppose -13 = 3*c - 1, -3*c - 52 = -5*s. Let f(g) = -2*g**3 + 16*g**2 + g - 10. Determine f(s).
-2
Let p(y) be the second derivative of 3*y**5/20 - y**4/12 - y**3/6 + y**2/2 + 3*y. Suppose -16*k - 1 = -5*r - 18*k, 2*k + 5 = r. Determine p(r).
2
Let m(i) = 6*i**2 + 4*i - 1. Let p(d) = 5*d**2 + 5*d + 1. Let a = -141 - -145. Let n(t) = a*m(t) - 5*p(t). Determine n(-7).
5
Let p(f) = -6*f**2 + 6*f + 6. Let l(a) = -5*a**2 + 4*a + 5. Let b(x) = 5*l(x) - 4*p(x). Calculate b(-2).
5
Let a(p) be the first derivative of p**2 + 7*p + 277. Let z be (-1)/1 - (2 - -3). Determine a(z).
-5
Let h(p) = -2*p + 5. Let k = -2 - -5. Let x(f) = -f - k*f - 1 - 8*f + 13*f. Let z be x(5). What is h(z)?
-3
Suppose 14*f - 37 - 19 = 0. Let p(n) = n + 5. Let t(d) = -5. Let i(r) = -2*p(r) - 3*t(r). Give i(f).
-3
Let v(u) = 674*u - 333*u - 337*u - u**2 + 16. Give v(-3).
-5
Let o(w) = -10*w**2 - 27*w + 7. Let p(n) = 7*n**2 + 18*n - 5. Let z(r) = 5*o(r) + 7*p(r). Let u be 9*((-12)/(-4))/(-3). What is z(u)?
0
Let p(a) = 9*a**2 - 2*a + 2. Let r(d) = -d**2 - d + 1. Let s(h) = p(h) + 6*r(h). Let l(j) = 4*j**2 - 8*j + 9. Let t(f) = 2*l(f) - 3*s(f). What is t(5)?
9
Let j = -7 - -9. Let r(x) = -3*x + 0*x**2 + j*x - 2*x**2 + x**2 + 2. Let h be (1 - 0)/((-4)/(-8)). Calculate r(h).
-4
Let f(l) be the second derivative of -l**5/60 + l**3/3 + 9*l**2 + 15*l. Let q(z) be the first derivative of f(z). Determine q(-4).
-14
Let n = 71 - 78. Let k(d) = -13*d + 5*d + 0*d**2 - d**2 - 6. Give k(n).
1
Suppose 0 = 3*z - 5*b + 4, z - 2*b = 7 - 10. Let y(w) = 2*w + 2. Determine y(z).
16
Let z(j) = 109 + 167 - 370 - j + 148 + 3*j. Calculate z(-26).
2
Let b(o) = -4*o + o**3 + 5 - 3 - 6 + 3. Determine b(-3).
-16
Let v(d) = -2*d**2 + d - 1. Let h be 1 + (-16)/(8 - 0). Determine v(h).
-4
Let l(a) = a - 7. Let o be l(7). Suppose y - 3 = -o*y. Let t(z) = 5*z**2 + 4*z - 3 - z**2 + 3*z**2 + z**y + 0*z. Determine t(-6).
9
Let o(v) be the second derivative of 0 + 20*v + 0*v**2 - 1/2*v**3. Give o(4).
-12
Let d be 1/(-3) + (-32)/(-6). Suppose -q + 9 = -0*q + h, -h - 15 = -d*q. Let j(c) = 4*c**2 + 2*c**2 + 25 - 44 + c**3 - 10*c**2 + 15. What is j(q)?
-4
Let s = -4106 - -4112. Suppose 5*q + 15 = -3*f + 4*f, 5*f + 9 = -3*q. Let v(i) = f*i**2 - 4 - i**2 + 2*i + 6*i. What is v(s)?
8
Suppose 4*m - 4*p = -20, -5*p = -2*p - 15. Let z be (-4 - 1)*(1 - m). Let c(a) = 2 - 4*a + 5*a**2 - 5 + 3*a + a**3. Give c(z).
2
Suppose 4*a + 2*u = -64, -4*u + 106 = -285*a + 280*a. Let i(s) = -s**2 - 18*s + 15. Calculate i(a).
15
Let f(r) be the third derivative of -r**4/24 + 2*r**3/3 - 2*r**2. Let q be 14/(-3)*(-48)/28. Give f(q).
-4
Let x(o) = -240 - 6*o + 0*o + 9*o**2 + 244 - 8*o**2. Let r be (6/3)/((-1)/(-2)). What is x(r)?
-4
Let d(i) = -i**3 - 6*i**2 + 6*i + 5. Let p(c) = c**2 - c. Suppose 6*u + 0*u = -12. Let n = u + 1. Let l(s) = n*d(s) - 2*p(s). Give l(-4).
11
Let w(o) = 2*o**2 + 18*o + 20. Let z(i) = 33*i + 289. Let m be z(-9). What is w(m)?
4
Let s(l) = 7*l**3 + 3*l**2 + 4. Let w(q) = -37*q**3 - 15*q**2 - q - 22. Let p(i) = 11*s(i) + 2*w(i). What is p(2)?
32
Let r(x) be the second derivative of -x**3/3 + 3*x**2 + 6*x. Let n = -79 - -83. Calculate r(n).
-2
Let i(a) = -251*a + 1. Let y be i(-1). Let z(s) = -y*s - 2 + 126*s - s**2 + 126*s. Determine z(-3).
-11
Suppose -167*c = -173*c - 24. Let s(r) = 2*r**2 - 3*r + 2. What is s(c)?
46
Let k be ((-30)/25)/(6/(-15)) - -1. Let b(x) = 6*x - 3*x**2 + k*x**2 - 3*x**2 + x**2 - 4. Let o(l) = 5*l**2 - l. Let g be o(1). What is b(g)?
4
Let x(o) = -o - 23. Let g(z) = z**2 - 8*z + 2. Let r be g(2). Calculate x(r).
-13
Let l(r) = -2 + 179526*r**2 - 179534*r**2 + 2. Calculate l(1).
-8
Let r(s) be the third derivative of s**4/24 + 2*s**3/3 + 653*s**2. Give r(-9).
-5
Let y(g) = -26*g - 9. Let b(w) = 20*w + 9. Let f(r) = 4*b(r) + 3*y(r). Give f(-11).
-13
Let g(k) = -k**3 - 4*k**2 + 7*k + 6. Let w(v) be the third derivative of -v**6/24 - v**5/30 + v**4/6 - v**3/3 + 14*v**2. Let h be w(1). What is g(h)?
-4
Suppose -2*q - 5*x + 35 = 0, q + x = 2*q. Let t(z) = -z**2 - 1. Let s(v) = -3*v + 6 + 4 - 4 - 4*v**2 + 11*v**2. Let o(r) = q*t(r) + s(r). What is o(2)?
3
Let y(a) be the first derivative of -1/3*a**3 + 1/4*a**4 - a**2 - 2*a + 27. Give y(3).
10
Let i(k) = k**2 - 2*k - 9. Let b(y) = -20*y + 880. Let o be b(44). Give i(o).
-9
Let r(z) = z**2 - 4 + 0*z**2 + 126*z - 129*z. Let a(s) = s - 1. Let b be a(6). Suppose -2*p - 24 = -4*l, -b*l - 2 + 10 = 3*p. Determine r(l).
0
Let u(r) = 27*r + 8. Let l(n) = 85*n + 22. Let a(w) = 6*l(w) - 19*u(w). What is a(-8)?
4
Let l be ((96/(-20))/(-3))/((-4)/20). Let t(a) = -a**3 - 8*a**2 + 3*a - 4. Give t(l).
-28
Let v(a) = a. Let b(m) = -m**2 - 7*m - 6. Let s(u) = -b(u) - v(u). Suppose -2*f - 2*f - 28 = 0. What is s(f)?
13
Let x(n) = 12*n - 3*n**3 - 2*n**3 + 4*n**3 + 15 + 2*n**3 - 14*n**2. Let b be x(13). Let r(q) = -1 + 3*q**2 + 4*q**2 - 9*q**b + q + q**2. Calculate r(-2).
-7
Let v be 0 - (-3)/3 - -1. Let d = 47 - 43. Let c(j) = 1 - d*j + 3*j + 3*j**2 - 7*j**v. What is c(1)?
-4
Let h(u) = 17*u - 24. Let v(b) = 32*b - 47. Let z(t) = -7*h(t) + 4*v(t). Determine z(3).
7
Let g(h) = -h - 2 - 2*h + 3. Let w(j) = 4*j - 1. Let i(s) = 3*g(s) + 2*w(s). Let k(u) = -2*u + 7. Let y be k(6). Determine i(y).
6
Suppose 0*d - d + 3*o = 8, -5*o = -25. Suppose 3*c = f - 2*c + d, 2*f - 3*c = 0. Let g(u) = u**3 - 17*u**2 + f + 17*u**2. Give g(0).
3
Let g(j) = -j**2 - 2*j + 2. Suppose 0 = -v + 4*l + 25, 0*v - 54 = -3*v + 5*l. Suppose 0 = -4*k - 29 + v. Calculate g(k).
-6
Let z = -33 - -32. Let p be z - (3 - (0 + 1)). Let d(i) = -i**2 + 3*i + 3. Determine d(p).
-15
Let x(h) = 2*h - 8. Let w = -34 - -38. Suppose -w*g = -m - 27, 4*g + 2*m = 20 + 10. What is x(g)?
6
Let c(d) be the first derivative of d**6/120 + 7*d**5/60 + 5*d**4/24 - d**3/3 + 12*d**2 - 7. Let i(t) be the second derivative of c(t). Give i(-6).
4
Let j(f) = -12*f + 4. Let n be j(-2). Let d = n - 23. Let v = d - 11. Let s(z) = -z**2 - 4*z 